{"id":15,"date":"2022-06-19T16:40:14","date_gmt":"2022-06-19T14:40:14","guid":{"rendered":"http:\/\/ncavagna-psyconseil.com\/?page_id=15"},"modified":"2025-12-06T17:19:55","modified_gmt":"2025-12-06T16:19:55","slug":"accueil","status":"publish","type":"page","link":"https:\/\/ncavagna-psyconseil.com\/","title":{"rendered":"Accueil"},"content":{"rendered":"\n<div style=\"height:0px\" aria-hidden=\"true\" class=\"wp-block-spacer\"><\/div>\n\n\n\n<div class=\"wp-block-media-text alignwide has-media-on-the-right is-stacked-on-mobile is-image-fill-element has-background\" style=\"background-color:#d1baab\"><div class=\"wp-block-media-text__content\">\n<p><\/p>\n\n\n\n<h1 class=\"wp-block-heading\">Formation \/ Analyse de pratique<\/h1>\n\n\n\n<h5 class=\"wp-block-heading\">RH &#8211; Psychologie du travail<\/h5>\n\n\n\n<p>Modules sur mesure<\/p>\n\n\n\n<p><\/p>\n\n\n\n<div class=\"wp-block-buttons is-layout-flex wp-block-buttons-is-layout-flex\">\n<div class=\"wp-block-button\"><a class=\"wp-block-button__link has-background wp-element-button\" href=\"http:\/\/ncavagna-psyconseil.com\/index.php\/accueil-2__trashed\/formation\/\" style=\"border-radius:40px;background-color:#ab8e5d\">En savoir plus<\/a><\/div>\n<\/div>\n\n\n\n<div style=\"height:29px\" aria-hidden=\"true\" class=\"wp-block-spacer\"><\/div>\n\n\n\n<div style=\"height:13px\" aria-hidden=\"true\" class=\"wp-block-spacer\"><\/div>\n<\/div><figure class=\"wp-block-media-text__media\"><img decoding=\"async\" src=\"https:\/\/nathaliecavagnapsyconseil.files.wordpress.com\/2022\/04\/pexels-photo-1181396.jpeg?w=1024\" alt=\"\" class=\"wp-image-26 size-full\" style=\"object-position:50% 50%\"\/><\/figure><\/div>\n\n\n\n<div style=\"height:90px\" aria-hidden=\"true\" class=\"wp-block-spacer\"><\/div>\n\n\n\n<div class=\"wp-block-media-text alignwide is-stacked-on-mobile is-image-fill-element has-background\" style=\"background-color:#efa693\"><figure class=\"wp-block-media-text__media\"><img decoding=\"async\" src=\"https:\/\/nathaliecavagnapsyconseil.files.wordpress.com\/2022\/04\/pexels-photo-3760067.jpeg?w=1024\" alt=\"\" class=\"wp-image-25 size-full\" style=\"object-position:50% 50%\"\/><\/figure><div class=\"wp-block-media-text__content\">\n<p><\/p>\n\n\n\n<h1 class=\"wp-block-heading\">Prise en charge individuelle \/ Coaching<\/h1>\n\n\n\n<h5 class=\"wp-block-heading\">D\u00e9veloppement personnel<\/h5>\n\n\n\n<p>Salari\u00e9.e.s &#8211; Managers &#8211; Directeur.trice <\/p>\n\n\n\n<p><\/p>\n\n\n\n<div class=\"wp-block-buttons is-layout-flex wp-block-buttons-is-layout-flex\">\n<div class=\"wp-block-button\"><a class=\"wp-block-button__link has-background wp-element-button\" href=\"http:\/\/ncavagna-psyconseil.com\/index.php\/accueil-2__trashed\/coaching\/\" style=\"border-radius:40px;background-color:#ab8e5d\">En savoir plus<\/a><\/div>\n<\/div>\n\n\n\n<div style=\"height:41px\" aria-hidden=\"true\" class=\"wp-block-spacer\"><\/div>\n\n\n\n<div style=\"height:13px\" aria-hidden=\"true\" class=\"wp-block-spacer\"><\/div>\n<\/div><\/div>\n\n\n\n<div style=\"height:90px\" aria-hidden=\"true\" class=\"wp-block-spacer\"><\/div>\n\n\n\n<div class=\"wp-block-media-text alignwide has-media-on-the-right is-stacked-on-mobile is-image-fill-element has-background\" style=\"background-color:#d1baab\"><div class=\"wp-block-media-text__content\">\n<h1 class=\"wp-block-heading\">Th\u00e9rapie br\u00e8ve<\/h1>\n\n\n\n<div class=\"wp-block-columns is-layout-flex wp-container-core-columns-is-layout-9d6595d7 wp-block-columns-is-layout-flex\">\n<div class=\"wp-block-column is-layout-flow wp-block-column-is-layout-flow\" style=\"flex-basis:100%\">\n<h5 class=\"wp-block-heading\">Souffrance au travail<\/h5>\n<\/div>\n<\/div>\n\n\n\n<p>Approche comportementale et cognitive \/ Approche syst\u00e9mique<\/p>\n\n\n\n<div class=\"wp-block-buttons is-layout-flex wp-block-buttons-is-layout-flex\">\n<div class=\"wp-block-button is-style-fill\"><a class=\"wp-block-button__link has-background wp-element-button\" href=\"http:\/\/ncavagna-psyconseil.com\/index.php\/therapie-breve\/\" style=\"border-radius:40px;background-color:#ab8e5d\">En savoir plus<\/a><\/div>\n<\/div>\n\n\n\n<div style=\"height:16px\" aria-hidden=\"true\" class=\"wp-block-spacer\"><\/div>\n<\/div><figure class=\"wp-block-media-text__media\"><img decoding=\"async\" src=\"https:\/\/nathaliecavagnapsyconseil.files.wordpress.com\/2022\/04\/pexels-photo-7176026.jpeg?w=1024\" alt=\"\" class=\"wp-image-21 size-full\" style=\"object-position:40% 52%\"\/><\/figure><\/div>\n\n\n\n<div style=\"height:90px\" aria-hidden=\"true\" class=\"wp-block-spacer\"><\/div>\n\n\n\n<div class=\"wp-block-media-text alignwide is-stacked-on-mobile is-vertically-aligned-center is-image-fill-element has-background\" style=\"background-color:#efa693\"><figure class=\"wp-block-media-text__media\"><img loading=\"lazy\" decoding=\"async\" width=\"1024\" height=\"677\" src=\"http:\/\/ncavagna-psyconseil.com\/wp-content\/uploads\/2023\/08\/zebra-2406868_1280-1024x677.jpg\" alt=\"\" class=\"wp-image-861 size-full\" style=\"object-position:50% 50%\" srcset=\"https:\/\/ncavagna-psyconseil.com\/wp-content\/uploads\/2023\/08\/zebra-2406868_1280-1024x677.jpg 1024w, https:\/\/ncavagna-psyconseil.com\/wp-content\/uploads\/2023\/08\/zebra-2406868_1280-300x198.jpg 300w, https:\/\/ncavagna-psyconseil.com\/wp-content\/uploads\/2023\/08\/zebra-2406868_1280-768x508.jpg 768w, https:\/\/ncavagna-psyconseil.com\/wp-content\/uploads\/2023\/08\/zebra-2406868_1280-1140x753.jpg 1140w, https:\/\/ncavagna-psyconseil.com\/wp-content\/uploads\/2023\/08\/zebra-2406868_1280-500x330.jpg 500w, https:\/\/ncavagna-psyconseil.com\/wp-content\/uploads\/2023\/08\/zebra-2406868_1280.jpg 1280w\" sizes=\"auto, (max-width: 1024px) 100vw, 1024px\" \/><\/figure><div class=\"wp-block-media-text__content\">\n<h1 class=\"wp-block-heading\">Bilan HPI<\/h1>\n\n\n\n<h5 class=\"wp-block-heading\">A partir de 16 ans<\/h5>\n\n\n\n<p>Passation du WAIS-IV<\/p>\n\n\n\n<div class=\"wp-block-buttons is-layout-flex wp-block-buttons-is-layout-flex\">\n<div class=\"wp-block-button\"><a class=\"wp-block-button__link has-background wp-element-button\" href=\"http:\/\/ncavagna-psyconseil.com\/index.php\/bilan-haut-potentiel-intellectuel-hpi\/\" style=\"border-radius:40px;background-color:#ab8e5d\">En savoir plus<\/a><\/div>\n<\/div>\n\n\n\n<div style=\"height:13px\" aria-hidden=\"true\" class=\"wp-block-spacer\"><\/div>\n<\/div><\/div>\n\n\n\n<div style=\"height:90px\" aria-hidden=\"true\" class=\"wp-block-spacer\"><\/div>\n\n\n\n<div class=\"wp-block-media-text alignwide has-media-on-the-right is-stacked-on-mobile is-image-fill-element has-background\" style=\"background-color:#d1baab\"><div class=\"wp-block-media-text__content\">\n<h1 class=\"wp-block-heading\">Bilan de personnalit\u00e9<\/h1>\n\n\n\n<h5 class=\"wp-block-heading\">Passation du test SOSIE &#8211; D\u00e9veloppement personnel<\/h5>\n\n\n\n<p>Adultes <\/p>\n\n\n\n<div class=\"wp-block-buttons is-layout-flex wp-block-buttons-is-layout-flex\">\n<div class=\"wp-block-button\"><a class=\"wp-block-button__link has-background wp-element-button\" href=\"http:\/\/ncavagna-psyconseil.com\/index.php\/bilan-de-personnalite\/\" style=\"border-radius:40px;background-color:#ab8e5d\">En savoir plus<\/a><\/div>\n<\/div>\n\n\n\n<div style=\"height:13px\" aria-hidden=\"true\" class=\"wp-block-spacer\"><\/div>\n<\/div><figure class=\"wp-block-media-text__media\"><img loading=\"lazy\" decoding=\"async\" width=\"1920\" height=\"1280\" src=\"http:\/\/ncavagna-psyconseil.com\/wp-content\/uploads\/2022\/06\/man-3653346_1920.jpg?w=1024\" alt=\"\" class=\"wp-image-549 size-full\" style=\"object-position:50% 50%\" srcset=\"https:\/\/ncavagna-psyconseil.com\/wp-content\/uploads\/2022\/06\/man-3653346_1920.jpg 1920w, https:\/\/ncavagna-psyconseil.com\/wp-content\/uploads\/2022\/06\/man-3653346_1920-300x200.jpg 300w, https:\/\/ncavagna-psyconseil.com\/wp-content\/uploads\/2022\/06\/man-3653346_1920-1024x683.jpg 1024w, https:\/\/ncavagna-psyconseil.com\/wp-content\/uploads\/2022\/06\/man-3653346_1920-768x512.jpg 768w, https:\/\/ncavagna-psyconseil.com\/wp-content\/uploads\/2022\/06\/man-3653346_1920-1536x1024.jpg 1536w, https:\/\/ncavagna-psyconseil.com\/wp-content\/uploads\/2022\/06\/man-3653346_1920-1200x800.jpg 1200w, https:\/\/ncavagna-psyconseil.com\/wp-content\/uploads\/2022\/06\/man-3653346_1920-600x400.jpg 600w, https:\/\/ncavagna-psyconseil.com\/wp-content\/uploads\/2022\/06\/man-3653346_1920-1140x760.jpg 1140w\" sizes=\"auto, (max-width: 1920px) 100vw, 1920px\" \/><\/figure><\/div>\n\n\n\n<div style=\"height:90px\" aria-hidden=\"true\" class=\"wp-block-spacer\"><\/div>\n","protected":false},"excerpt":{"rendered":"","protected":false},"author":1,"featured_media":0,"parent":0,"menu_order":0,"comment_status":"closed","ping_status":"closed","template":"","meta":{"_regular_price":[],"currency_symbol":[],"footnotes":""},"class_list":["post-15","page","type-page","status-publish","hentry"],"post_slider_layout_featured_media_urls":{"thumbnail":"","post_slider_layout_landscape_large":"","post_slider_layout_portrait_large":"","post_slider_layout_square_large":"","post_slider_layout_landscape":"","post_slider_layout_portrait":"","post_slider_layout_square":"","full":""},"yoast_head":"<!-- This site is optimized with the Yoast SEO plugin v27.4 - https:\/\/yoast.com\/product\/yoast-seo-wordpress\/ -->\n<title>Accueil - Nathalie Cavagna<\/title>\n<meta name=\"description\" content=\"Accompagnement psychologique, coaching, d\u00e9veloppement professionnel et personnel, bilan de personnalit\u00e9, bilan d&#039;orientation en visio ou \u00e0 Soisy-sur-Seine dans l&#039;Essonne.\" \/>\n<meta name=\"robots\" content=\"index, follow, max-snippet:-1, max-image-preview:large, max-video-preview:-1\" \/>\n<link rel=\"canonical\" href=\"https:\/\/ncavagna-psyconseil.com\/\" \/>\n<meta property=\"og:locale\" content=\"en_US\" \/>\n<meta property=\"og:type\" content=\"article\" \/>\n<meta property=\"og:title\" content=\"Accueil - Nathalie Cavagna\" \/>\n<meta property=\"og:description\" content=\"Accompagnement psychologique, coaching, d\u00e9veloppement professionnel et personnel, bilan de personnalit\u00e9, bilan d&#039;orientation en visio ou \u00e0 Soisy-sur-Seine dans l&#039;Essonne.\" \/>\n<meta property=\"og:url\" content=\"https:\/\/ncavagna-psyconseil.com\/\" \/>\n<meta property=\"og:site_name\" content=\"Nathalie Cavagna\" \/>\n<meta property=\"article:modified_time\" content=\"2025-12-06T16:19:55+00:00\" \/>\n<meta name=\"twitter:card\" content=\"summary_large_image\" \/>\n<meta name=\"twitter:label1\" content=\"Est. reading time\" \/>\n\t<meta name=\"twitter:data1\" content=\"2 minutes\" \/>\n<script type=\"application\/ld+json\" class=\"yoast-schema-graph\">{\"@context\":\"https:\\\/\\\/schema.org\",\"@graph\":[{\"@type\":\"WebPage\",\"@id\":\"https:\\\/\\\/ncavagna-psyconseil.com\\\/\",\"url\":\"https:\\\/\\\/ncavagna-psyconseil.com\\\/\",\"name\":\"Accueil - Nathalie Cavagna\",\"isPartOf\":{\"@id\":\"https:\\\/\\\/ncavagna-psyconseil.com\\\/#website\"},\"primaryImageOfPage\":{\"@id\":\"https:\\\/\\\/ncavagna-psyconseil.com\\\/#primaryimage\"},\"image\":{\"@id\":\"https:\\\/\\\/ncavagna-psyconseil.com\\\/#primaryimage\"},\"thumbnailUrl\":\"https:\\\/\\\/nathaliecavagnapsyconseil.files.wordpress.com\\\/2022\\\/04\\\/pexels-photo-1181396.jpeg?w=1024\",\"datePublished\":\"2022-06-19T14:40:14+00:00\",\"dateModified\":\"2025-12-06T16:19:55+00:00\",\"description\":\"Accompagnement psychologique, coaching, d\u00e9veloppement professionnel et personnel, bilan de personnalit\u00e9, bilan d'orientation en visio ou \u00e0 Soisy-sur-Seine dans l'Essonne.\",\"breadcrumb\":{\"@id\":\"https:\\\/\\\/ncavagna-psyconseil.com\\\/#breadcrumb\"},\"inLanguage\":\"en-US\",\"potentialAction\":[{\"@type\":\"ReadAction\",\"target\":[\"https:\\\/\\\/ncavagna-psyconseil.com\\\/\"]}]},{\"@type\":\"ImageObject\",\"inLanguage\":\"en-US\",\"@id\":\"https:\\\/\\\/ncavagna-psyconseil.com\\\/#primaryimage\",\"url\":\"https:\\\/\\\/nathaliecavagnapsyconseil.files.wordpress.com\\\/2022\\\/04\\\/pexels-photo-1181396.jpeg?w=1024\",\"contentUrl\":\"https:\\\/\\\/nathaliecavagnapsyconseil.files.wordpress.com\\\/2022\\\/04\\\/pexels-photo-1181396.jpeg?w=1024\"},{\"@type\":\"BreadcrumbList\",\"@id\":\"https:\\\/\\\/ncavagna-psyconseil.com\\\/#breadcrumb\",\"itemListElement\":[{\"@type\":\"ListItem\",\"position\":1,\"name\":\"Accueil\",\"item\":\"https:\\\/\\\/ncavagna-psyconseil.com\\\/\"},{\"@type\":\"ListItem\",\"position\":2,\"name\":\"Accueil\"}]},{\"@type\":\"WebSite\",\"@id\":\"https:\\\/\\\/ncavagna-psyconseil.com\\\/#website\",\"url\":\"https:\\\/\\\/ncavagna-psyconseil.com\\\/\",\"name\":\"Nathalie Cavagna\",\"description\":\"Psychologue\",\"publisher\":{\"@id\":\"https:\\\/\\\/ncavagna-psyconseil.com\\\/#\\\/schema\\\/person\\\/e0484e827b9121d615f9e0eb7ee5529d\"},\"potentialAction\":[{\"@type\":\"SearchAction\",\"target\":{\"@type\":\"EntryPoint\",\"urlTemplate\":\"https:\\\/\\\/ncavagna-psyconseil.com\\\/?s={search_term_string}\"},\"query-input\":{\"@type\":\"PropertyValueSpecification\",\"valueRequired\":true,\"valueName\":\"search_term_string\"}}],\"inLanguage\":\"en-US\"},{\"@type\":[\"Person\",\"Organization\"],\"@id\":\"https:\\\/\\\/ncavagna-psyconseil.com\\\/#\\\/schema\\\/person\\\/e0484e827b9121d615f9e0eb7ee5529d\",\"name\":\"Nathalie Cavagna\",\"image\":{\"@type\":\"ImageObject\",\"inLanguage\":\"en-US\",\"@id\":\"https:\\\/\\\/ncavagna-psyconseil.com\\\/wp-content\\\/uploads\\\/2022\\\/04\\\/img-20200124-wa0005.jpg\",\"url\":\"https:\\\/\\\/ncavagna-psyconseil.com\\\/wp-content\\\/uploads\\\/2022\\\/04\\\/img-20200124-wa0005.jpg\",\"contentUrl\":\"https:\\\/\\\/ncavagna-psyconseil.com\\\/wp-content\\\/uploads\\\/2022\\\/04\\\/img-20200124-wa0005.jpg\",\"width\":1200,\"height\":1600,\"caption\":\"Nathalie Cavagna\"},\"logo\":{\"@id\":\"https:\\\/\\\/ncavagna-psyconseil.com\\\/wp-content\\\/uploads\\\/2022\\\/04\\\/img-20200124-wa0005.jpg\"},\"sameAs\":[\"http:\\\/\\\/ncavagna-psyconseil.com\",\"https:\\\/\\\/www.linkedin.com\\\/in\\\/nathalie-cavagna\\\/\"]}]}<\/script>\n<!-- \/ Yoast SEO plugin. -->","yoast_head_json":{"title":"Accueil - Nathalie Cavagna","description":"Accompagnement psychologique, coaching, d\u00e9veloppement professionnel et personnel, bilan de personnalit\u00e9, bilan d'orientation en visio ou \u00e0 Soisy-sur-Seine dans l'Essonne.","robots":{"index":"index","follow":"follow","max-snippet":"max-snippet:-1","max-image-preview":"max-image-preview:large","max-video-preview":"max-video-preview:-1"},"canonical":"https:\/\/ncavagna-psyconseil.com\/","og_locale":"en_US","og_type":"article","og_title":"Accueil - Nathalie Cavagna","og_description":"Accompagnement psychologique, coaching, d\u00e9veloppement professionnel et personnel, bilan de personnalit\u00e9, bilan d'orientation en visio ou \u00e0 Soisy-sur-Seine dans l'Essonne.","og_url":"https:\/\/ncavagna-psyconseil.com\/","og_site_name":"Nathalie Cavagna","article_modified_time":"2025-12-06T16:19:55+00:00","twitter_card":"summary_large_image","twitter_misc":{"Est. reading time":"2 minutes"},"schema":{"@context":"https:\/\/schema.org","@graph":[{"@type":"WebPage","@id":"https:\/\/ncavagna-psyconseil.com\/","url":"https:\/\/ncavagna-psyconseil.com\/","name":"Accueil - Nathalie Cavagna","isPartOf":{"@id":"https:\/\/ncavagna-psyconseil.com\/#website"},"primaryImageOfPage":{"@id":"https:\/\/ncavagna-psyconseil.com\/#primaryimage"},"image":{"@id":"https:\/\/ncavagna-psyconseil.com\/#primaryimage"},"thumbnailUrl":"https:\/\/nathaliecavagnapsyconseil.files.wordpress.com\/2022\/04\/pexels-photo-1181396.jpeg?w=1024","datePublished":"2022-06-19T14:40:14+00:00","dateModified":"2025-12-06T16:19:55+00:00","description":"Accompagnement psychologique, coaching, d\u00e9veloppement professionnel et personnel, bilan de personnalit\u00e9, bilan d'orientation en visio ou \u00e0 Soisy-sur-Seine dans l'Essonne.","breadcrumb":{"@id":"https:\/\/ncavagna-psyconseil.com\/#breadcrumb"},"inLanguage":"en-US","potentialAction":[{"@type":"ReadAction","target":["https:\/\/ncavagna-psyconseil.com\/"]}]},{"@type":"ImageObject","inLanguage":"en-US","@id":"https:\/\/ncavagna-psyconseil.com\/#primaryimage","url":"https:\/\/nathaliecavagnapsyconseil.files.wordpress.com\/2022\/04\/pexels-photo-1181396.jpeg?w=1024","contentUrl":"https:\/\/nathaliecavagnapsyconseil.files.wordpress.com\/2022\/04\/pexels-photo-1181396.jpeg?w=1024"},{"@type":"BreadcrumbList","@id":"https:\/\/ncavagna-psyconseil.com\/#breadcrumb","itemListElement":[{"@type":"ListItem","position":1,"name":"Accueil","item":"https:\/\/ncavagna-psyconseil.com\/"},{"@type":"ListItem","position":2,"name":"Accueil"}]},{"@type":"WebSite","@id":"https:\/\/ncavagna-psyconseil.com\/#website","url":"https:\/\/ncavagna-psyconseil.com\/","name":"Nathalie Cavagna","description":"Psychologue","publisher":{"@id":"https:\/\/ncavagna-psyconseil.com\/#\/schema\/person\/e0484e827b9121d615f9e0eb7ee5529d"},"potentialAction":[{"@type":"SearchAction","target":{"@type":"EntryPoint","urlTemplate":"https:\/\/ncavagna-psyconseil.com\/?s={search_term_string}"},"query-input":{"@type":"PropertyValueSpecification","valueRequired":true,"valueName":"search_term_string"}}],"inLanguage":"en-US"},{"@type":["Person","Organization"],"@id":"https:\/\/ncavagna-psyconseil.com\/#\/schema\/person\/e0484e827b9121d615f9e0eb7ee5529d","name":"Nathalie Cavagna","image":{"@type":"ImageObject","inLanguage":"en-US","@id":"https:\/\/ncavagna-psyconseil.com\/wp-content\/uploads\/2022\/04\/img-20200124-wa0005.jpg","url":"https:\/\/ncavagna-psyconseil.com\/wp-content\/uploads\/2022\/04\/img-20200124-wa0005.jpg","contentUrl":"https:\/\/ncavagna-psyconseil.com\/wp-content\/uploads\/2022\/04\/img-20200124-wa0005.jpg","width":1200,"height":1600,"caption":"Nathalie Cavagna"},"logo":{"@id":"https:\/\/ncavagna-psyconseil.com\/wp-content\/uploads\/2022\/04\/img-20200124-wa0005.jpg"},"sameAs":["http:\/\/ncavagna-psyconseil.com","https:\/\/www.linkedin.com\/in\/nathalie-cavagna\/"]}]}},"_links":{"self":[{"href":"https:\/\/ncavagna-psyconseil.com\/index.php\/wp-json\/wp\/v2\/pages\/15","targetHints":{"allow":["GET"]}}],"collection":[{"href":"https:\/\/ncavagna-psyconseil.com\/index.php\/wp-json\/wp\/v2\/pages"}],"about":[{"href":"https:\/\/ncavagna-psyconseil.com\/index.php\/wp-json\/wp\/v2\/types\/page"}],"author":[{"embeddable":true,"href":"https:\/\/ncavagna-psyconseil.com\/index.php\/wp-json\/wp\/v2\/users\/1"}],"replies":[{"embeddable":true,"href":"https:\/\/ncavagna-psyconseil.com\/index.php\/wp-json\/wp\/v2\/comments?post=15"}],"version-history":[{"count":22,"href":"https:\/\/ncavagna-psyconseil.com\/index.php\/wp-json\/wp\/v2\/pages\/15\/revisions"}],"predecessor-version":[{"id":949,"href":"https:\/\/ncavagna-psyconseil.com\/index.php\/wp-json\/wp\/v2\/pages\/15\/revisions\/949"}],"wp:attachment":[{"href":"https:\/\/ncavagna-psyconseil.com\/index.php\/wp-json\/wp\/v2\/media?parent=15"}],"curies":[{"name":"wp","href":"https:\/\/api.w.org\/{rel}","templated":true}]}}