{"id":453,"date":"2022-05-15T11:09:56","date_gmt":"2022-05-15T09:09:56","guid":{"rendered":"http:\/\/ncavagna-psyconseil.com\/index.php\/mentions-legales\/"},"modified":"2022-06-19T21:40:29","modified_gmt":"2022-06-19T19:40:29","slug":"mentions-legales","status":"publish","type":"page","link":"https:\/\/ncavagna-psyconseil.com\/index.php\/mentions-legales\/","title":{"rendered":"Mentions l\u00e9gales"},"content":{"rendered":"\n<div class=\"wp-block-buttons is-content-justification-center is-layout-flex wp-container-core-buttons-is-layout-16018d1d wp-block-buttons-is-layout-flex\">\n<div class=\"wp-block-button\"><a class=\"wp-block-button__link has-background\" href=\"http:\/\/ncavagna-psyconseil.com\/\" style=\"background-color:#ba9421\">Retour \u00e0 l&#8217;accueil<\/a><\/div>\n<\/div>\n\n\n\n<div style=\"height:100px\" aria-hidden=\"true\" class=\"wp-block-spacer\"><\/div>\n\n\n\n<p>En vigueur au 02\/04\/2022<\/p>\n\n\n\n<h2 class=\"wp-block-heading\">    <strong>ARTICLE 1 &#8211; L&#8217;EDITEUR &amp; LE REDACTEUR<\/strong><\/h2>\n\n\n\n<p>L\u2019\u00e9dition et la direction de la publication du site Nathalie Cavagna Conseil (ci-apr\u00e8s &#8220;le site&#8221;), accessible \u00e0 l&#8217;adresse https:\/\/www.nathaliecavagna-psyconseil.fr sont assur\u00e9es par Nathalie Cavagna, domicili\u00e9e 16 rue Van Gogh &#8211; 91210 Draveil, dont le num\u00e9ro de t\u00e9l\u00e9phone est 06.31.59.93.42, et l&#8217;adresse e-mail : nathaliecavagna.conseil@gmail.com. <\/p>\n\n\n\n<h2 class=\"wp-block-heading\">    <strong>ARTICLE 2 &#8211; L&#8217;HEBERGEUR<\/strong><\/h2>\n\n\n\n<p>Le Site est h\u00e9berg\u00e9 par la soci\u00e9t\u00e9 : OVH<\/p>\n\n\n\n<p>Adresse&nbsp;: 2, rue Kellermann BP 80157 59053 ROUBAIX Cedex 1<br>Email:&nbsp;<a href=\"mailto:support@ovh.com\">support@ovh.com<\/a><br>T\u00e9l. : +33 (0)8 203 203 63<br>Num\u00e9ro d\u2019immatriculation au Registre du Commerce et des Soci\u00e9t\u00e9s de Lille : B 424 761 419<\/p>\n\n\n\n<h2 class=\"wp-block-heading\">    <strong>ARTICLE 3 &#8211; ACCES AU SITE<\/strong><\/h2>\n\n\n\n<p>Le Site est accessible en tout endroit, 7j\/7, 24h\/24 sauf cas de force majeure, interruption programm\u00e9e ou non et pouvant d\u00e9coulant d\u2019une n\u00e9cessit\u00e9 de maintenance.<\/p>\n\n\n\n<p>En cas de modification, interruption ou suspension du Site, l&#8217;Editeur ne saurait \u00eatre tenu responsable.<\/p>\n\n\n\n<h2 class=\"wp-block-heading\">    <strong>ARTICLE 4 &#8211; COLLECTE DES DONNEES<\/strong><\/h2>\n\n\n\n<p>Le Site assure \u00e0 l&#8217;Utilisateur une collecte et un traitement d&#8217;informations personnelles dans le respect de la vie priv\u00e9e conform\u00e9ment \u00e0 la loi n\u00b078-17 du 6 janvier 1978 relative \u00e0 l&#8217;informatique, aux fichiers et aux libert\u00e9s.<\/p>\n\n\n\n<p>En vertu de la loi Informatique et Libert\u00e9s, en date du 6 janvier 1978, l&#8217;Utilisateur dispose d&#8217;un droit d&#8217;acc\u00e8s, de rectification, de suppression et d&#8217;opposition de ses donn\u00e9es personnelles. L&#8217;Utilisateur exerce ce droit :<\/p>\n\n\n\n<p> -par mail \u00e0 l&#8217;adresse email nathaliecavagna.conseil@gmail.com<\/p>\n\n\n\n<p>Toute utilisation, reproduction, diffusion, commercialisation, modification de toute ou partie du Site\ufeff, sans autorisation de l\u2019Editeur est prohib\u00e9e et pourra entra\u00een\u00e9e des actions et poursuites judiciaires telles que notamment pr\u00e9vues par le Code de la propri\u00e9t\u00e9 intellectuelle et le Code civil.<\/p>\n\n\n\n<p>Pour plus d\u2019informations, se reporter aux CGV du site https:\/\/www.ncavagna-psyconseil.com accessible \u00e0 la rubrique &#8220;CGV&#8221;<\/p>\n\n\n\n<p>Pour plus d&#8217;informations en mati\u00e8re de protection des donn\u00e9es \u00e0 caract\u00e8re personnel , se reporter \u00e0 la Charte en mati\u00e8re de protection des donn\u00e9es \u00e0 caract\u00e8re personnel du site https:\/\/www.ncavagna-psyconseil.com accessible \u00e0 la rubrique &#8220;Donn\u00e9es personnelles&#8221;<\/p>\n\n\n\n<p>R\u00e9dig\u00e9 sur http:\/\/legalplace.fr<\/p>\n","protected":false},"excerpt":{"rendered":"<p>En vigueur au 02\/04\/2022 ARTICLE 1 &#8211; L&#8217;EDITEUR &amp; LE REDACTEUR L\u2019\u00e9dition et la direction de la publication du site Nathalie Cavagna Conseil (ci-apr\u00e8s &#8220;le site&#8221;), accessible \u00e0 l&#8217;adresse https:\/\/www.nathaliecavagna-psyconseil.fr sont assur\u00e9es par Nathalie Cavagna, domicili\u00e9e 16 rue Van Gogh &#8211; 91210 Draveil, dont le num\u00e9ro de t\u00e9l\u00e9phone est 06.31.59.93.42, et l&#8217;adresse e-mail : nathaliecavagna.conseil@gmail.com. ARTICLE 2 &#8211; L&#8217;HEBERGEUR Le Site est h\u00e9berg\u00e9 par la soci\u00e9t\u00e9 : OVH Adresse&nbsp;: 2, rue Kellermann BP 80157 59053 ROUBAIX Cedex 1Email:&nbsp;support@ovh.comT\u00e9l. : +33 (0)8 203 203 63Num\u00e9ro d\u2019immatriculation au Registre du Commerce et des Soci\u00e9t\u00e9s de Lille : B 424 761 419 ARTICLE 3 &#8211; ACCES AU SITE Le Site est accessible en tout endroit, 7j\/7, 24h\/24 sauf cas de force majeure, interruption programm\u00e9e ou non et pouvant d\u00e9coulant d\u2019une n\u00e9cessit\u00e9 de maintenance. En cas de modification, interruption ou suspension du Site, l&#8217;Editeur ne saurait \u00eatre tenu responsable. ARTICLE 4 &#8211; COLLECTE DES DONNEES Le Site assure \u00e0 l&#8217;Utilisateur une collecte et un traitement d&#8217;informations personnelles dans le respect de la vie priv\u00e9e conform\u00e9ment \u00e0 la loi n\u00b078-17 du 6 janvier 1978 relative \u00e0 l&#8217;informatique, aux fichiers et aux libert\u00e9s. En vertu de la loi Informatique et Libert\u00e9s, en date du 6 janvier 1978, l&#8217;Utilisateur dispose d&#8217;un droit d&#8217;acc\u00e8s, de rectification, de suppression et d&#8217;opposition de ses donn\u00e9es personnelles. L&#8217;Utilisateur exerce ce droit : -par mail \u00e0 l&#8217;adresse email nathaliecavagna.conseil@gmail.com Toute utilisation, reproduction, diffusion, commercialisation, modification de toute ou partie du Site\ufeff, sans autorisation de l\u2019Editeur est prohib\u00e9e et pourra entra\u00een\u00e9e des actions et poursuites judiciaires telles que notamment pr\u00e9vues par le Code de la propri\u00e9t\u00e9 intellectuelle et le Code civil. Pour plus d\u2019informations, se reporter aux CGV du site https:\/\/www.ncavagna-psyconseil.com accessible \u00e0 la rubrique &#8220;CGV&#8221; Pour plus d&#8217;informations en mati\u00e8re de protection des donn\u00e9es \u00e0 caract\u00e8re personnel , se reporter \u00e0 la Charte en mati\u00e8re de protection des donn\u00e9es \u00e0 caract\u00e8re personnel du site https:\/\/www.ncavagna-psyconseil.com accessible \u00e0 la rubrique &#8220;Donn\u00e9es personnelles&#8221; R\u00e9dig\u00e9 sur http:\/\/legalplace.fr<\/p>\n","protected":false},"author":2,"featured_media":0,"parent":0,"menu_order":0,"comment_status":"closed","ping_status":"closed","template":"","meta":{"_regular_price":[],"currency_symbol":[],"footnotes":""},"class_list":["post-453","page","type-page","status-publish","hentry"],"post_slider_layout_featured_media_urls":{"thumbnail":"","post_slider_layout_landscape_large":"","post_slider_layout_portrait_large":"","post_slider_layout_square_large":"","post_slider_layout_landscape":"","post_slider_layout_portrait":"","post_slider_layout_square":"","full":""},"yoast_head":"<!-- This site is optimized with the Yoast SEO plugin v27.4 - https:\/\/yoast.com\/product\/yoast-seo-wordpress\/ -->\n<title>Mentions l\u00e9gales - Nathalie Cavagna<\/title>\n<meta name=\"robots\" content=\"index, follow, max-snippet:-1, max-image-preview:large, max-video-preview:-1\" \/>\n<link rel=\"canonical\" href=\"https:\/\/ncavagna-psyconseil.com\/index.php\/mentions-legales\/\" \/>\n<meta property=\"og:locale\" content=\"en_US\" \/>\n<meta property=\"og:type\" content=\"article\" \/>\n<meta property=\"og:title\" content=\"Mentions l\u00e9gales - Nathalie Cavagna\" \/>\n<meta property=\"og:description\" content=\"En vigueur au 02\/04\/2022 ARTICLE 1 &#8211; L&#8217;EDITEUR &amp; LE REDACTEUR L\u2019\u00e9dition et la direction de la publication du site Nathalie Cavagna Conseil (ci-apr\u00e8s &#8220;le site&#8221;), accessible \u00e0 l&#8217;adresse https:\/\/www.nathaliecavagna-psyconseil.fr sont assur\u00e9es par Nathalie Cavagna, domicili\u00e9e 16 rue Van Gogh &#8211; 91210 Draveil, dont le num\u00e9ro de t\u00e9l\u00e9phone est 06.31.59.93.42, et l&#8217;adresse e-mail : nathaliecavagna.conseil@gmail.com. ARTICLE 2 &#8211; L&#8217;HEBERGEUR Le Site est h\u00e9berg\u00e9 par la soci\u00e9t\u00e9 : OVH Adresse&nbsp;: 2, rue Kellermann BP 80157 59053 ROUBAIX Cedex 1Email:&nbsp;support@ovh.comT\u00e9l. : +33 (0)8 203 203 63Num\u00e9ro d\u2019immatriculation au Registre du Commerce et des Soci\u00e9t\u00e9s de Lille : B 424 761 419 ARTICLE 3 &#8211; ACCES AU SITE Le Site est accessible en tout endroit, 7j\/7, 24h\/24 sauf cas de force majeure, interruption programm\u00e9e ou non et pouvant d\u00e9coulant d\u2019une n\u00e9cessit\u00e9 de maintenance. En cas de modification, interruption ou suspension du Site, l&#8217;Editeur ne saurait \u00eatre tenu responsable. ARTICLE 4 &#8211; COLLECTE DES DONNEES Le Site assure \u00e0 l&#8217;Utilisateur une collecte et un traitement d&#8217;informations personnelles dans le respect de la vie priv\u00e9e conform\u00e9ment \u00e0 la loi n\u00b078-17 du 6 janvier 1978 relative \u00e0 l&#8217;informatique, aux fichiers et aux libert\u00e9s. En vertu de la loi Informatique et Libert\u00e9s, en date du 6 janvier 1978, l&#8217;Utilisateur dispose d&#8217;un droit d&#8217;acc\u00e8s, de rectification, de suppression et d&#8217;opposition de ses donn\u00e9es personnelles. L&#8217;Utilisateur exerce ce droit : -par mail \u00e0 l&#8217;adresse email nathaliecavagna.conseil@gmail.com Toute utilisation, reproduction, diffusion, commercialisation, modification de toute ou partie du Site\ufeff, sans autorisation de l\u2019Editeur est prohib\u00e9e et pourra entra\u00een\u00e9e des actions et poursuites judiciaires telles que notamment pr\u00e9vues par le Code de la propri\u00e9t\u00e9 intellectuelle et le Code civil. Pour plus d\u2019informations, se reporter aux CGV du site https:\/\/www.ncavagna-psyconseil.com accessible \u00e0 la rubrique &#8220;CGV&#8221; Pour plus d&#8217;informations en mati\u00e8re de protection des donn\u00e9es \u00e0 caract\u00e8re personnel , se reporter \u00e0 la Charte en mati\u00e8re de protection des donn\u00e9es \u00e0 caract\u00e8re personnel du site https:\/\/www.ncavagna-psyconseil.com accessible \u00e0 la rubrique &#8220;Donn\u00e9es personnelles&#8221; R\u00e9dig\u00e9 sur http:\/\/legalplace.fr\" \/>\n<meta property=\"og:url\" content=\"https:\/\/ncavagna-psyconseil.com\/index.php\/mentions-legales\/\" \/>\n<meta property=\"og:site_name\" content=\"Nathalie Cavagna\" \/>\n<meta property=\"article:modified_time\" content=\"2022-06-19T19:40:29+00:00\" \/>\n<meta name=\"twitter:card\" content=\"summary_large_image\" \/>\n<meta name=\"twitter:label1\" content=\"Est. reading time\" \/>\n\t<meta name=\"twitter:data1\" content=\"2 minutes\" \/>\n<script type=\"application\/ld+json\" class=\"yoast-schema-graph\">{\"@context\":\"https:\\\/\\\/schema.org\",\"@graph\":[{\"@type\":\"WebPage\",\"@id\":\"https:\\\/\\\/ncavagna-psyconseil.com\\\/index.php\\\/mentions-legales\\\/\",\"url\":\"https:\\\/\\\/ncavagna-psyconseil.com\\\/index.php\\\/mentions-legales\\\/\",\"name\":\"Mentions l\u00e9gales - Nathalie Cavagna\",\"isPartOf\":{\"@id\":\"https:\\\/\\\/ncavagna-psyconseil.com\\\/#website\"},\"datePublished\":\"2022-05-15T09:09:56+00:00\",\"dateModified\":\"2022-06-19T19:40:29+00:00\",\"breadcrumb\":{\"@id\":\"https:\\\/\\\/ncavagna-psyconseil.com\\\/index.php\\\/mentions-legales\\\/#breadcrumb\"},\"inLanguage\":\"en-US\",\"potentialAction\":[{\"@type\":\"ReadAction\",\"target\":[\"https:\\\/\\\/ncavagna-psyconseil.com\\\/index.php\\\/mentions-legales\\\/\"]}]},{\"@type\":\"BreadcrumbList\",\"@id\":\"https:\\\/\\\/ncavagna-psyconseil.com\\\/index.php\\\/mentions-legales\\\/#breadcrumb\",\"itemListElement\":[{\"@type\":\"ListItem\",\"position\":1,\"name\":\"Accueil\",\"item\":\"https:\\\/\\\/ncavagna-psyconseil.com\\\/\"},{\"@type\":\"ListItem\",\"position\":2,\"name\":\"Mentions l\u00e9gales\"}]},{\"@type\":\"WebSite\",\"@id\":\"https:\\\/\\\/ncavagna-psyconseil.com\\\/#website\",\"url\":\"https:\\\/\\\/ncavagna-psyconseil.com\\\/\",\"name\":\"Nathalie Cavagna\",\"description\":\"Psychologue\",\"publisher\":{\"@id\":\"https:\\\/\\\/ncavagna-psyconseil.com\\\/#\\\/schema\\\/person\\\/e0484e827b9121d615f9e0eb7ee5529d\"},\"potentialAction\":[{\"@type\":\"SearchAction\",\"target\":{\"@type\":\"EntryPoint\",\"urlTemplate\":\"https:\\\/\\\/ncavagna-psyconseil.com\\\/?s={search_term_string}\"},\"query-input\":{\"@type\":\"PropertyValueSpecification\",\"valueRequired\":true,\"valueName\":\"search_term_string\"}}],\"inLanguage\":\"en-US\"},{\"@type\":[\"Person\",\"Organization\"],\"@id\":\"https:\\\/\\\/ncavagna-psyconseil.com\\\/#\\\/schema\\\/person\\\/e0484e827b9121d615f9e0eb7ee5529d\",\"name\":\"Nathalie Cavagna\",\"image\":{\"@type\":\"ImageObject\",\"inLanguage\":\"en-US\",\"@id\":\"https:\\\/\\\/ncavagna-psyconseil.com\\\/wp-content\\\/uploads\\\/2022\\\/04\\\/img-20200124-wa0005.jpg\",\"url\":\"https:\\\/\\\/ncavagna-psyconseil.com\\\/wp-content\\\/uploads\\\/2022\\\/04\\\/img-20200124-wa0005.jpg\",\"contentUrl\":\"https:\\\/\\\/ncavagna-psyconseil.com\\\/wp-content\\\/uploads\\\/2022\\\/04\\\/img-20200124-wa0005.jpg\",\"width\":1200,\"height\":1600,\"caption\":\"Nathalie Cavagna\"},\"logo\":{\"@id\":\"https:\\\/\\\/ncavagna-psyconseil.com\\\/wp-content\\\/uploads\\\/2022\\\/04\\\/img-20200124-wa0005.jpg\"},\"sameAs\":[\"http:\\\/\\\/ncavagna-psyconseil.com\",\"https:\\\/\\\/www.linkedin.com\\\/in\\\/nathalie-cavagna\\\/\"]}]}<\/script>\n<!-- \/ Yoast SEO plugin. -->","yoast_head_json":{"title":"Mentions l\u00e9gales - Nathalie Cavagna","robots":{"index":"index","follow":"follow","max-snippet":"max-snippet:-1","max-image-preview":"max-image-preview:large","max-video-preview":"max-video-preview:-1"},"canonical":"https:\/\/ncavagna-psyconseil.com\/index.php\/mentions-legales\/","og_locale":"en_US","og_type":"article","og_title":"Mentions l\u00e9gales - Nathalie Cavagna","og_description":"En vigueur au 02\/04\/2022 ARTICLE 1 &#8211; L&#8217;EDITEUR &amp; LE REDACTEUR L\u2019\u00e9dition et la direction de la publication du site Nathalie Cavagna Conseil (ci-apr\u00e8s &#8220;le site&#8221;), accessible \u00e0 l&#8217;adresse https:\/\/www.nathaliecavagna-psyconseil.fr sont assur\u00e9es par Nathalie Cavagna, domicili\u00e9e 16 rue Van Gogh &#8211; 91210 Draveil, dont le num\u00e9ro de t\u00e9l\u00e9phone est 06.31.59.93.42, et l&#8217;adresse e-mail : nathaliecavagna.conseil@gmail.com. ARTICLE 2 &#8211; L&#8217;HEBERGEUR Le Site est h\u00e9berg\u00e9 par la soci\u00e9t\u00e9 : OVH Adresse&nbsp;: 2, rue Kellermann BP 80157 59053 ROUBAIX Cedex 1Email:&nbsp;support@ovh.comT\u00e9l. : +33 (0)8 203 203 63Num\u00e9ro d\u2019immatriculation au Registre du Commerce et des Soci\u00e9t\u00e9s de Lille : B 424 761 419 ARTICLE 3 &#8211; ACCES AU SITE Le Site est accessible en tout endroit, 7j\/7, 24h\/24 sauf cas de force majeure, interruption programm\u00e9e ou non et pouvant d\u00e9coulant d\u2019une n\u00e9cessit\u00e9 de maintenance. En cas de modification, interruption ou suspension du Site, l&#8217;Editeur ne saurait \u00eatre tenu responsable. ARTICLE 4 &#8211; COLLECTE DES DONNEES Le Site assure \u00e0 l&#8217;Utilisateur une collecte et un traitement d&#8217;informations personnelles dans le respect de la vie priv\u00e9e conform\u00e9ment \u00e0 la loi n\u00b078-17 du 6 janvier 1978 relative \u00e0 l&#8217;informatique, aux fichiers et aux libert\u00e9s. En vertu de la loi Informatique et Libert\u00e9s, en date du 6 janvier 1978, l&#8217;Utilisateur dispose d&#8217;un droit d&#8217;acc\u00e8s, de rectification, de suppression et d&#8217;opposition de ses donn\u00e9es personnelles. L&#8217;Utilisateur exerce ce droit : -par mail \u00e0 l&#8217;adresse email nathaliecavagna.conseil@gmail.com Toute utilisation, reproduction, diffusion, commercialisation, modification de toute ou partie du Site\ufeff, sans autorisation de l\u2019Editeur est prohib\u00e9e et pourra entra\u00een\u00e9e des actions et poursuites judiciaires telles que notamment pr\u00e9vues par le Code de la propri\u00e9t\u00e9 intellectuelle et le Code civil. Pour plus d\u2019informations, se reporter aux CGV du site https:\/\/www.ncavagna-psyconseil.com accessible \u00e0 la rubrique &#8220;CGV&#8221; Pour plus d&#8217;informations en mati\u00e8re de protection des donn\u00e9es \u00e0 caract\u00e8re personnel , se reporter \u00e0 la Charte en mati\u00e8re de protection des donn\u00e9es \u00e0 caract\u00e8re personnel du site https:\/\/www.ncavagna-psyconseil.com accessible \u00e0 la rubrique &#8220;Donn\u00e9es personnelles&#8221; R\u00e9dig\u00e9 sur http:\/\/legalplace.fr","og_url":"https:\/\/ncavagna-psyconseil.com\/index.php\/mentions-legales\/","og_site_name":"Nathalie Cavagna","article_modified_time":"2022-06-19T19:40:29+00:00","twitter_card":"summary_large_image","twitter_misc":{"Est. reading time":"2 minutes"},"schema":{"@context":"https:\/\/schema.org","@graph":[{"@type":"WebPage","@id":"https:\/\/ncavagna-psyconseil.com\/index.php\/mentions-legales\/","url":"https:\/\/ncavagna-psyconseil.com\/index.php\/mentions-legales\/","name":"Mentions l\u00e9gales - Nathalie Cavagna","isPartOf":{"@id":"https:\/\/ncavagna-psyconseil.com\/#website"},"datePublished":"2022-05-15T09:09:56+00:00","dateModified":"2022-06-19T19:40:29+00:00","breadcrumb":{"@id":"https:\/\/ncavagna-psyconseil.com\/index.php\/mentions-legales\/#breadcrumb"},"inLanguage":"en-US","potentialAction":[{"@type":"ReadAction","target":["https:\/\/ncavagna-psyconseil.com\/index.php\/mentions-legales\/"]}]},{"@type":"BreadcrumbList","@id":"https:\/\/ncavagna-psyconseil.com\/index.php\/mentions-legales\/#breadcrumb","itemListElement":[{"@type":"ListItem","position":1,"name":"Accueil","item":"https:\/\/ncavagna-psyconseil.com\/"},{"@type":"ListItem","position":2,"name":"Mentions l\u00e9gales"}]},{"@type":"WebSite","@id":"https:\/\/ncavagna-psyconseil.com\/#website","url":"https:\/\/ncavagna-psyconseil.com\/","name":"Nathalie Cavagna","description":"Psychologue","publisher":{"@id":"https:\/\/ncavagna-psyconseil.com\/#\/schema\/person\/e0484e827b9121d615f9e0eb7ee5529d"},"potentialAction":[{"@type":"SearchAction","target":{"@type":"EntryPoint","urlTemplate":"https:\/\/ncavagna-psyconseil.com\/?s={search_term_string}"},"query-input":{"@type":"PropertyValueSpecification","valueRequired":true,"valueName":"search_term_string"}}],"inLanguage":"en-US"},{"@type":["Person","Organization"],"@id":"https:\/\/ncavagna-psyconseil.com\/#\/schema\/person\/e0484e827b9121d615f9e0eb7ee5529d","name":"Nathalie Cavagna","image":{"@type":"ImageObject","inLanguage":"en-US","@id":"https:\/\/ncavagna-psyconseil.com\/wp-content\/uploads\/2022\/04\/img-20200124-wa0005.jpg","url":"https:\/\/ncavagna-psyconseil.com\/wp-content\/uploads\/2022\/04\/img-20200124-wa0005.jpg","contentUrl":"https:\/\/ncavagna-psyconseil.com\/wp-content\/uploads\/2022\/04\/img-20200124-wa0005.jpg","width":1200,"height":1600,"caption":"Nathalie Cavagna"},"logo":{"@id":"https:\/\/ncavagna-psyconseil.com\/wp-content\/uploads\/2022\/04\/img-20200124-wa0005.jpg"},"sameAs":["http:\/\/ncavagna-psyconseil.com","https:\/\/www.linkedin.com\/in\/nathalie-cavagna\/"]}]}},"_links":{"self":[{"href":"https:\/\/ncavagna-psyconseil.com\/index.php\/wp-json\/wp\/v2\/pages\/453","targetHints":{"allow":["GET"]}}],"collection":[{"href":"https:\/\/ncavagna-psyconseil.com\/index.php\/wp-json\/wp\/v2\/pages"}],"about":[{"href":"https:\/\/ncavagna-psyconseil.com\/index.php\/wp-json\/wp\/v2\/types\/page"}],"author":[{"embeddable":true,"href":"https:\/\/ncavagna-psyconseil.com\/index.php\/wp-json\/wp\/v2\/users\/2"}],"replies":[{"embeddable":true,"href":"https:\/\/ncavagna-psyconseil.com\/index.php\/wp-json\/wp\/v2\/comments?post=453"}],"version-history":[{"count":5,"href":"https:\/\/ncavagna-psyconseil.com\/index.php\/wp-json\/wp\/v2\/pages\/453\/revisions"}],"predecessor-version":[{"id":586,"href":"https:\/\/ncavagna-psyconseil.com\/index.php\/wp-json\/wp\/v2\/pages\/453\/revisions\/586"}],"wp:attachment":[{"href":"https:\/\/ncavagna-psyconseil.com\/index.php\/wp-json\/wp\/v2\/media?parent=453"}],"curies":[{"name":"wp","href":"https:\/\/api.w.org\/{rel}","templated":true}]}}