{"id":74,"date":"2022-04-10T18:47:19","date_gmt":"2022-04-10T16:47:19","guid":{"rendered":"http:\/\/ncavagna-psyconseil.com\/index.php\/contact\/"},"modified":"2023-10-10T22:46:37","modified_gmt":"2023-10-10T20:46:37","slug":"contact","status":"publish","type":"page","link":"https:\/\/ncavagna-psyconseil.com\/index.php\/contact\/","title":{"rendered":"CONTACT"},"content":{"rendered":"\n<h2 class=\"wp-block-heading has-text-align-center\">   LOCALISATION CABINET :<\/h2>\n\n\n\n<p class=\"has-text-align-center\"><\/p>\n\n\n<div class=\"wp-block-image\">\n<figure class=\"aligncenter size-full\"><img loading=\"lazy\" decoding=\"async\" width=\"499\" height=\"483\" src=\"http:\/\/ncavagna-psyconseil.com\/wp-content\/uploads\/2023\/10\/image_2023-10-10_221416441.png\" alt=\"\" class=\"wp-image-894\" srcset=\"https:\/\/ncavagna-psyconseil.com\/wp-content\/uploads\/2023\/10\/image_2023-10-10_221416441.png 499w, https:\/\/ncavagna-psyconseil.com\/wp-content\/uploads\/2023\/10\/image_2023-10-10_221416441-300x290.png 300w\" sizes=\"auto, (max-width: 499px) 100vw, 499px\" \/><\/figure>\n<\/div>\n\n\n<div style=\"height:112px\" aria-hidden=\"true\" class=\"wp-block-spacer\"><\/div>\n\n\n\n<h2 class=\"wp-block-heading has-text-align-center\">   COORDONN\u00c9ES :<\/h2>\n\n\n\n<p class=\"has-text-align-center\">38 avenue du G\u00e9n\u00e9ral de Gaulle &#8211; 91210 Draveil <\/p>\n\n\n\n<p class=\"has-text-align-center\">Voir num\u00e9ro de t\u00e9l\u00e9phone sur :<\/p>\n\n\n\n<figure class=\"wp-block-gallery aligncenter has-nested-images columns-default is-cropped wp-block-gallery-1 is-layout-flex wp-block-gallery-is-layout-flex\"><div class=\"wp-block-image\">\n<figure class=\"aligncenter size-full is-resized\"><a href=\"https:\/\/www.pagesjaunes.fr\/pros\/61828142\"><img loading=\"lazy\" decoding=\"async\" data-id=\"905\" src=\"http:\/\/ncavagna-psyconseil.com\/wp-content\/uploads\/2023\/10\/image_2023-10-10_222929092.png\" alt=\"\" class=\"wp-image-905\" style=\"object-fit:cover;width:170px;height:50px\" width=\"170\" height=\"50\"\/><\/a><\/figure>\n<\/div><\/figure>\n\n\n\n<div style=\"height:137px\" aria-hidden=\"true\" class=\"wp-block-spacer\"><\/div>\n\n\n\n<h2 class=\"wp-block-heading has-text-align-center\">   ADRESSE MAIL :<\/h2>\n\n\n\n<p class=\"has-text-align-center\">contact[arobase]ncavagna-psyconseil.com <\/p>\n\n\n\n<div style=\"height:137px\" aria-hidden=\"true\" class=\"wp-block-spacer\"><\/div>\n\n\n\n<h2 class=\"wp-block-heading has-text-align-center\">    PRISE DE RDV ET T\u00c9L\u00c9CONSULTATION :<\/h2>\n\n\n\n<figure class=\"wp-block-gallery aligncenter has-nested-images columns-default is-cropped wp-block-gallery-2 is-layout-flex wp-block-gallery-is-layout-flex\"><div class=\"wp-block-image\">\n<figure class=\"aligncenter size-large is-resized\"><a href=\"https:\/\/www.doctolib.fr\/psychologue\/soisy-sur-seine\/nathalie-cavagna\"><img loading=\"lazy\" decoding=\"async\" data-id=\"914\" src=\"http:\/\/ncavagna-psyconseil.com\/wp-content\/uploads\/2023\/10\/Logo-Doctolib-650x201-2.png\" alt=\"\" class=\"wp-image-914\" style=\"object-fit:contain;width:170px;height:50px\" width=\"170\" height=\"50\"\/><\/a><\/figure>\n<\/div><\/figure>\n","protected":false},"excerpt":{"rendered":"<p>LOCALISATION CABINET : COORDONN\u00c9ES : 38 avenue du G\u00e9n\u00e9ral de Gaulle &#8211; 91210 Draveil Voir num\u00e9ro de t\u00e9l\u00e9phone sur : ADRESSE MAIL : contact[arobase]ncavagna-psyconseil.com PRISE DE RDV ET T\u00c9L\u00c9CONSULTATION :<\/p>\n","protected":false},"author":2,"featured_media":0,"parent":0,"menu_order":6,"comment_status":"closed","ping_status":"closed","template":"","meta":{"_regular_price":[],"currency_symbol":[],"footnotes":""},"class_list":["post-74","page","type-page","status-publish","hentry"],"post_slider_layout_featured_media_urls":{"thumbnail":"","post_slider_layout_landscape_large":"","post_slider_layout_portrait_large":"","post_slider_layout_square_large":"","post_slider_layout_landscape":"","post_slider_layout_portrait":"","post_slider_layout_square":"","full":""},"yoast_head":"<!-- This site is optimized with the Yoast SEO plugin v27.4 - https:\/\/yoast.com\/product\/yoast-seo-wordpress\/ -->\n<title>CONTACT - Nathalie Cavagna<\/title>\n<meta name=\"robots\" content=\"index, follow, max-snippet:-1, max-image-preview:large, max-video-preview:-1\" \/>\n<link rel=\"canonical\" href=\"https:\/\/ncavagna-psyconseil.com\/index.php\/contact\/\" \/>\n<meta property=\"og:locale\" content=\"en_US\" \/>\n<meta property=\"og:type\" content=\"article\" \/>\n<meta property=\"og:title\" content=\"CONTACT - Nathalie Cavagna\" \/>\n<meta property=\"og:description\" content=\"LOCALISATION CABINET : COORDONN\u00c9ES : 38 avenue du G\u00e9n\u00e9ral de Gaulle &#8211; 91210 Draveil Voir num\u00e9ro de t\u00e9l\u00e9phone sur : ADRESSE MAIL : contact[arobase]ncavagna-psyconseil.com PRISE DE RDV ET T\u00c9L\u00c9CONSULTATION :\" \/>\n<meta property=\"og:url\" content=\"https:\/\/ncavagna-psyconseil.com\/index.php\/contact\/\" \/>\n<meta property=\"og:site_name\" content=\"Nathalie Cavagna\" \/>\n<meta property=\"article:modified_time\" content=\"2023-10-10T20:46:37+00:00\" \/>\n<meta property=\"og:image\" content=\"http:\/\/ncavagna-psyconseil.com\/wp-content\/uploads\/2023\/10\/image_2023-10-10_221416441.png\" \/>\n<meta name=\"twitter:card\" content=\"summary_large_image\" \/>\n<meta name=\"twitter:label1\" content=\"Est. reading time\" \/>\n\t<meta name=\"twitter:data1\" content=\"1 minute\" \/>\n<script type=\"application\/ld+json\" class=\"yoast-schema-graph\">{\"@context\":\"https:\\\/\\\/schema.org\",\"@graph\":[{\"@type\":\"WebPage\",\"@id\":\"https:\\\/\\\/ncavagna-psyconseil.com\\\/index.php\\\/contact\\\/\",\"url\":\"https:\\\/\\\/ncavagna-psyconseil.com\\\/index.php\\\/contact\\\/\",\"name\":\"CONTACT - Nathalie Cavagna\",\"isPartOf\":{\"@id\":\"https:\\\/\\\/ncavagna-psyconseil.com\\\/#website\"},\"primaryImageOfPage\":{\"@id\":\"https:\\\/\\\/ncavagna-psyconseil.com\\\/index.php\\\/contact\\\/#primaryimage\"},\"image\":{\"@id\":\"https:\\\/\\\/ncavagna-psyconseil.com\\\/index.php\\\/contact\\\/#primaryimage\"},\"thumbnailUrl\":\"http:\\\/\\\/ncavagna-psyconseil.com\\\/wp-content\\\/uploads\\\/2023\\\/10\\\/image_2023-10-10_221416441.png\",\"datePublished\":\"2022-04-10T16:47:19+00:00\",\"dateModified\":\"2023-10-10T20:46:37+00:00\",\"breadcrumb\":{\"@id\":\"https:\\\/\\\/ncavagna-psyconseil.com\\\/index.php\\\/contact\\\/#breadcrumb\"},\"inLanguage\":\"en-US\",\"potentialAction\":[{\"@type\":\"ReadAction\",\"target\":[\"https:\\\/\\\/ncavagna-psyconseil.com\\\/index.php\\\/contact\\\/\"]}]},{\"@type\":\"ImageObject\",\"inLanguage\":\"en-US\",\"@id\":\"https:\\\/\\\/ncavagna-psyconseil.com\\\/index.php\\\/contact\\\/#primaryimage\",\"url\":\"https:\\\/\\\/ncavagna-psyconseil.com\\\/wp-content\\\/uploads\\\/2023\\\/10\\\/image_2023-10-10_221416441.png\",\"contentUrl\":\"https:\\\/\\\/ncavagna-psyconseil.com\\\/wp-content\\\/uploads\\\/2023\\\/10\\\/image_2023-10-10_221416441.png\",\"width\":499,\"height\":483},{\"@type\":\"BreadcrumbList\",\"@id\":\"https:\\\/\\\/ncavagna-psyconseil.com\\\/index.php\\\/contact\\\/#breadcrumb\",\"itemListElement\":[{\"@type\":\"ListItem\",\"position\":1,\"name\":\"Accueil\",\"item\":\"https:\\\/\\\/ncavagna-psyconseil.com\\\/\"},{\"@type\":\"ListItem\",\"position\":2,\"name\":\"CONTACT\"}]},{\"@type\":\"WebSite\",\"@id\":\"https:\\\/\\\/ncavagna-psyconseil.com\\\/#website\",\"url\":\"https:\\\/\\\/ncavagna-psyconseil.com\\\/\",\"name\":\"Nathalie Cavagna\",\"description\":\"Psychologue\",\"publisher\":{\"@id\":\"https:\\\/\\\/ncavagna-psyconseil.com\\\/#\\\/schema\\\/person\\\/e0484e827b9121d615f9e0eb7ee5529d\"},\"potentialAction\":[{\"@type\":\"SearchAction\",\"target\":{\"@type\":\"EntryPoint\",\"urlTemplate\":\"https:\\\/\\\/ncavagna-psyconseil.com\\\/?s={search_term_string}\"},\"query-input\":{\"@type\":\"PropertyValueSpecification\",\"valueRequired\":true,\"valueName\":\"search_term_string\"}}],\"inLanguage\":\"en-US\"},{\"@type\":[\"Person\",\"Organization\"],\"@id\":\"https:\\\/\\\/ncavagna-psyconseil.com\\\/#\\\/schema\\\/person\\\/e0484e827b9121d615f9e0eb7ee5529d\",\"name\":\"Nathalie Cavagna\",\"image\":{\"@type\":\"ImageObject\",\"inLanguage\":\"en-US\",\"@id\":\"https:\\\/\\\/ncavagna-psyconseil.com\\\/wp-content\\\/uploads\\\/2022\\\/04\\\/img-20200124-wa0005.jpg\",\"url\":\"https:\\\/\\\/ncavagna-psyconseil.com\\\/wp-content\\\/uploads\\\/2022\\\/04\\\/img-20200124-wa0005.jpg\",\"contentUrl\":\"https:\\\/\\\/ncavagna-psyconseil.com\\\/wp-content\\\/uploads\\\/2022\\\/04\\\/img-20200124-wa0005.jpg\",\"width\":1200,\"height\":1600,\"caption\":\"Nathalie Cavagna\"},\"logo\":{\"@id\":\"https:\\\/\\\/ncavagna-psyconseil.com\\\/wp-content\\\/uploads\\\/2022\\\/04\\\/img-20200124-wa0005.jpg\"},\"sameAs\":[\"http:\\\/\\\/ncavagna-psyconseil.com\",\"https:\\\/\\\/www.linkedin.com\\\/in\\\/nathalie-cavagna\\\/\"]}]}<\/script>\n<!-- \/ Yoast SEO plugin. -->","yoast_head_json":{"title":"CONTACT - Nathalie Cavagna","robots":{"index":"index","follow":"follow","max-snippet":"max-snippet:-1","max-image-preview":"max-image-preview:large","max-video-preview":"max-video-preview:-1"},"canonical":"https:\/\/ncavagna-psyconseil.com\/index.php\/contact\/","og_locale":"en_US","og_type":"article","og_title":"CONTACT - Nathalie Cavagna","og_description":"LOCALISATION CABINET : COORDONN\u00c9ES : 38 avenue du G\u00e9n\u00e9ral de Gaulle &#8211; 91210 Draveil Voir num\u00e9ro de t\u00e9l\u00e9phone sur : ADRESSE MAIL : contact[arobase]ncavagna-psyconseil.com PRISE DE RDV ET T\u00c9L\u00c9CONSULTATION :","og_url":"https:\/\/ncavagna-psyconseil.com\/index.php\/contact\/","og_site_name":"Nathalie Cavagna","article_modified_time":"2023-10-10T20:46:37+00:00","og_image":[{"url":"http:\/\/ncavagna-psyconseil.com\/wp-content\/uploads\/2023\/10\/image_2023-10-10_221416441.png","type":"","width":"","height":""}],"twitter_card":"summary_large_image","twitter_misc":{"Est. reading time":"1 minute"},"schema":{"@context":"https:\/\/schema.org","@graph":[{"@type":"WebPage","@id":"https:\/\/ncavagna-psyconseil.com\/index.php\/contact\/","url":"https:\/\/ncavagna-psyconseil.com\/index.php\/contact\/","name":"CONTACT - Nathalie Cavagna","isPartOf":{"@id":"https:\/\/ncavagna-psyconseil.com\/#website"},"primaryImageOfPage":{"@id":"https:\/\/ncavagna-psyconseil.com\/index.php\/contact\/#primaryimage"},"image":{"@id":"https:\/\/ncavagna-psyconseil.com\/index.php\/contact\/#primaryimage"},"thumbnailUrl":"http:\/\/ncavagna-psyconseil.com\/wp-content\/uploads\/2023\/10\/image_2023-10-10_221416441.png","datePublished":"2022-04-10T16:47:19+00:00","dateModified":"2023-10-10T20:46:37+00:00","breadcrumb":{"@id":"https:\/\/ncavagna-psyconseil.com\/index.php\/contact\/#breadcrumb"},"inLanguage":"en-US","potentialAction":[{"@type":"ReadAction","target":["https:\/\/ncavagna-psyconseil.com\/index.php\/contact\/"]}]},{"@type":"ImageObject","inLanguage":"en-US","@id":"https:\/\/ncavagna-psyconseil.com\/index.php\/contact\/#primaryimage","url":"https:\/\/ncavagna-psyconseil.com\/wp-content\/uploads\/2023\/10\/image_2023-10-10_221416441.png","contentUrl":"https:\/\/ncavagna-psyconseil.com\/wp-content\/uploads\/2023\/10\/image_2023-10-10_221416441.png","width":499,"height":483},{"@type":"BreadcrumbList","@id":"https:\/\/ncavagna-psyconseil.com\/index.php\/contact\/#breadcrumb","itemListElement":[{"@type":"ListItem","position":1,"name":"Accueil","item":"https:\/\/ncavagna-psyconseil.com\/"},{"@type":"ListItem","position":2,"name":"CONTACT"}]},{"@type":"WebSite","@id":"https:\/\/ncavagna-psyconseil.com\/#website","url":"https:\/\/ncavagna-psyconseil.com\/","name":"Nathalie Cavagna","description":"Psychologue","publisher":{"@id":"https:\/\/ncavagna-psyconseil.com\/#\/schema\/person\/e0484e827b9121d615f9e0eb7ee5529d"},"potentialAction":[{"@type":"SearchAction","target":{"@type":"EntryPoint","urlTemplate":"https:\/\/ncavagna-psyconseil.com\/?s={search_term_string}"},"query-input":{"@type":"PropertyValueSpecification","valueRequired":true,"valueName":"search_term_string"}}],"inLanguage":"en-US"},{"@type":["Person","Organization"],"@id":"https:\/\/ncavagna-psyconseil.com\/#\/schema\/person\/e0484e827b9121d615f9e0eb7ee5529d","name":"Nathalie Cavagna","image":{"@type":"ImageObject","inLanguage":"en-US","@id":"https:\/\/ncavagna-psyconseil.com\/wp-content\/uploads\/2022\/04\/img-20200124-wa0005.jpg","url":"https:\/\/ncavagna-psyconseil.com\/wp-content\/uploads\/2022\/04\/img-20200124-wa0005.jpg","contentUrl":"https:\/\/ncavagna-psyconseil.com\/wp-content\/uploads\/2022\/04\/img-20200124-wa0005.jpg","width":1200,"height":1600,"caption":"Nathalie Cavagna"},"logo":{"@id":"https:\/\/ncavagna-psyconseil.com\/wp-content\/uploads\/2022\/04\/img-20200124-wa0005.jpg"},"sameAs":["http:\/\/ncavagna-psyconseil.com","https:\/\/www.linkedin.com\/in\/nathalie-cavagna\/"]}]}},"_links":{"self":[{"href":"https:\/\/ncavagna-psyconseil.com\/index.php\/wp-json\/wp\/v2\/pages\/74","targetHints":{"allow":["GET"]}}],"collection":[{"href":"https:\/\/ncavagna-psyconseil.com\/index.php\/wp-json\/wp\/v2\/pages"}],"about":[{"href":"https:\/\/ncavagna-psyconseil.com\/index.php\/wp-json\/wp\/v2\/types\/page"}],"author":[{"embeddable":true,"href":"https:\/\/ncavagna-psyconseil.com\/index.php\/wp-json\/wp\/v2\/users\/2"}],"replies":[{"embeddable":true,"href":"https:\/\/ncavagna-psyconseil.com\/index.php\/wp-json\/wp\/v2\/comments?post=74"}],"version-history":[{"count":32,"href":"https:\/\/ncavagna-psyconseil.com\/index.php\/wp-json\/wp\/v2\/pages\/74\/revisions"}],"predecessor-version":[{"id":919,"href":"https:\/\/ncavagna-psyconseil.com\/index.php\/wp-json\/wp\/v2\/pages\/74\/revisions\/919"}],"wp:attachment":[{"href":"https:\/\/ncavagna-psyconseil.com\/index.php\/wp-json\/wp\/v2\/media?parent=74"}],"curies":[{"name":"wp","href":"https:\/\/api.w.org\/{rel}","templated":true}]}}